 is -16 (base 10) in base 14?
-12
What is -132 (base 4) in base 2?
-11110
Convert b (base 13) to base 3.
102
61 (base 14) to base 3
10011
What is -103 (base 10) in base 13?
-7c
Convert 4a (base 16) to base 13.
59
Convert -10 (base 2) to base 5.
-2
What is -2 (base 15) in base 3?
-2
What is a (base 14) in base 13?
a
0 (base 14) to base 16
0
-31 (base 5) to base 12
-14
What is 111111 (base 2) in base 8?
77
-264 (base 7) to base 10
-144
What is 220 (base 3) in base 12?
20
What is 5a (base 11) in base 7?
122
11 (base 6) to base 10
7
What is 1e (base 15) in base 16?
1d
What is -10 (base 9) in base 3?
-100
Convert 1 (base 12) to base 14.
1
What is 5a (base 15) in base 6?
221
-210 (base 3) to base 9
-23
Convert -1 (base 4) to base 14.
-1
Convert 13a (base 14) to base 12.
188
Convert 1 (base 6) to base 4.
1
8 (base 12) to base 6
12
Convert -5 (base 9) to base 8.
-5
Convert 32 (base 10) to base 3.
1012
Convert 10 (base 15) to base 3.
120
Convert -11 (base 7) to base 6.
-12
Convert 3 (base 14) to base 4.
3
-1015 (base 6) to base 3
-22102
Convert -14 (base 7) to base 15.
-b
Convert -3 (base 5) to base 3.
-10
Convert 1 (base 13) to base 6.
1
Convert 4 (base 11) to base 7.
4
What is 16 (base 10) in base 12?
14
What is -10 (base 11) in base 14?
-b
What is 4 (base 14) in base 13?
4
What is -2102 (base 4) in base 14?
-a6
Convert 1312 (base 5) to base 3.
21200
What is 7d (base 14) in base 2?
1101111
Convert -9 (base 14) to base 9.
-10
-3e (base 16) to base 5
-222
301 (base 5) to base 13
5b
-24 (base 8) to base 11
-19
Convert -10 (base 6) to base 16.
-6
314 (base 6) to base 14
86
What is -12 (base 5) in base 16?
-7
Convert 3 (base 14) to base 7.
3
3 (base 15) to base 5
3
0 (base 9) to base 11
0
8 (base 16) to base 13
8
1 (base 3) to base 16
1
Convert -2 (base 15) to base 9.
-2
Convert -52 (base 12) to base 14.
-46
-3 (base 7) to base 4
-3
What is 76 (base 10) in base 11?
6a
6 (base 8) to base 5
11
What is 88 (base 9) in base 7?
143
Convert 2 (base 14) to base 7.
2
What is 11 (base 2) in base 10?
3
-110 (base 2) to base 9
-6
Convert c9 (base 16) to base 15.
d6
What is 170 (base 8) in base 5?
440
-34 (base 5) to base 8
-23
Convert 8 (base 10) to base 2.
1000
What is 31 (base 13) in base 4?
220
-1b (base 13) to base 3
-220
Convert -10 (base 3) to base 12.
-3
30 (base 5) to base 4
33
Convert 14 (base 14) to base 2.
10010
What is -1022 (base 3) in base 10?
-35
Convert 5 (base 14) to base 11.
5
What is d (base 15) in base 14?
d
Convert 9a (base 14) to base 10.
136
What is -3 (base 8) in base 7?
-3
What is 2 (base 4) in base 6?
2
What is -512 (base 8) in base 13?
-1c5
56 (base 13) to base 15
4b
-127 (base 8) to base 2
-1010111
What is 2 (base 13) in base 11?
2
Convert 202 (base 13) to base 5.
2330
Convert -7 (base 16) to base 15.
-7
Convert -51 (base 6) to base 9.
-34
What is -1002 (base 5) in base 15?
-87
What is 41 (base 6) in base 12?
21
What is 1 (base 7) in base 16?
1
What is 4a (base 13) in base 3?
2022
Convert 3 (base 4) to base 6.
3
Convert 3 (base 8) to base 16.
3
3 (base 8) to base 6
3
What is 2 (base 10) in base 9?
2
Convert -2 (base 4) to base 15.
-2
Convert 19 (base 15) to base 14.
1a
What is 22 (base 7) in base 5?
31
Convert -20 (base 10) to base 8.
-24
Convert -11 (base 8) to base 7.
-12
What is 3 (base 12) in base 4?
3
Convert 3 (base 7) to base 3.
10
Convert -5 (base 14) to base 6.
-5
What is -a (base 13) in base 12?
-a
-423 (base 5) to base 16
-71
Convert -2 (base 13) to base 4.
-2
Convert -72 (base 11) to base 14.
-59
-2 (base 13) to base 8
-2
10 (base 12) to base 8
14
Convert 0 (base 3) to base 6.
0
What is 17 (base 14) in base 15?
16
What is 46 (base 10) in base 12?
3a
2010 (base 3) to base 16
39
What is -5 (base 8) in base 4?
-11
What is 18 (base 12) in base 14?
16
-1 (base 3) to base 15
-1
What is -11 (base 6) in base 7?
-10
Convert -11 (base 10) to base 9.
-12
1 (base 7) to base 6
1
What is -47 (base 11) in base 5?
-201
What is 6 (base 14) in base 7?
6
2 (base 5) to base 12
2
What is 21 (base 14) in base 6?
45
What is 27 (base 10) in base 9?
30
Convert -18 (base 10) to base 12.
-16
What is -48 (base 12) in base 2?
-111000
-1 (base 5) to base 10
-1
23 (base 7) to base 6
25
What is 4 (base 5) in base 13?
4
What is 1 (base 16) in base 11?
1
What is -36 (base 12) in base 7?
-60
What is 11 (base 4) in base 2?
101
Convert 0 (base 3) to base 8.
0
Convert 3 (base 16) to base 4.
3
What is 1 (base 6) in base 4?
1
Convert -1111 (base 6) to base 11.
-216
-133 (base 6) to base 3
-2010
19 (base 15) to base 2
11000
-17 (base 16) to base 9
-25
Convert 47 (base 9) to base 2.
101011
Convert -215 (base 7) to base 16.
-6e
Convert 10001101 (base 2) to base 5.
1031
What is -26 (base 7) in base 11?
-19
What is 70 (base 8) in base 15?
3b
Convert 78 (base 13) to base 10.
99
3 (base 11) to base 4
3
What is -1000100 (base 2) in base 5?
-233
Convert -6 (base 10) to base 7.
-6
Convert 20 (base 10) to base 9.
22
Convert 43 (base 13) to base 3.
2001
What is 4 (base 7) in base 10?
4
Convert -2 (base 7) to base 10.
-2
-33 (base 9) to base 4
-132
What is -24 (base 8) in base 12?
-18
Convert 11 (base 4) to base 9.
5
Convert -a (base 15) to base 16.
-a
What is -1130 (base 4) in base 13?
-71
What is 0 (base 9) in base 2?
0
What is -2 (base 6) in base 8?
-2
-222 (base 6) to base 11
-79
233 (base 5) to base 10
68
What is -1 (base 16) in base 12?
-1
-1 (base 8) to base 10
-1
What is 2 (base 9) in base 8?
2
-11 (base 3) to base 10
-4
-253 (base 12) to base 14
-1b1
Convert -3 (base 13) to base 12.
-3
3 (base 14) to base 15
3
-38 (base 11) to base 7
-56
Convert -145 (base 8) to base 11.
-92
What is -4 (base 12) in base 10?
-4
Convert -1 (base 8) to base 16.
-1
-40 (base 7) to base 6
-44
Convert -72 (base 16) to base 14.
-82
What is 2001 (base 3) in base 10?
55
What is -13 (base 16) in base 2?
-10011
-102 (base 14) to base 15
-d3
-51 (base 11) to base 5
-211
Convert 3 (base 5) to base 8.
3
0 (base 15) to base 4
0
2 (base 12) to base 14
2
What is 100101 (base 3) in base 16?
fd
What is 61 (base 15) in base 9?
111
Convert 96 (base 14) to base 7.
246
What is 6 (base 12) in base 6?
10
-1222 (base 3) to base 15
-38
-303 (base 4) to base 14
-39
What is -6 (base 12) in base 3?
-20
What is 61 (base 16) in base 7?
166
Convert -a6 (base 14) to base 4.
-2102
28 (base 16) to base 15
2a
What is -7c (base 16) in base 2?
-1111100
14 (base 8) to base 14
c
What is -1210 (base 5) in base 14?
-cc
Convert -51 (base 7) to base 5.
-121
-3 (base 6) to base 16
-3
What is -20 (base 4) in base 15?
-8
Convert 119 (base 11) to base 8.
215
What is 113 (base 4) in base 11?
21
What is -b8 (base 16) in base 5?
-1214
What is 3 (base 15) in base 13?
3
What is -1 (base 5) in base 10?
-1
-2120 (base 3) to base 7
-126
72 (base 14) to base 4
1210
Convert -27 (base 10) to base 11.
-25
What is 51 (base 16) in base 4?
1101
What is -86 (base 9) in base 5?
-303
-53 (base 15) to base 7
-141
Convert 1202 (base 4) to base 11.
8a
-ab (base 13) to base 15
-96
Convert 126 (base 10) to base 3.
11200
What is 131 (base 5) in base 12?
35
What is -101 (base 8) in base 14?
-49
Convert 2 (base 14) to base 4.
2
What is 38 (base 16) in base 7?
110
Convert -13 (base 5) to base 6.
-12
Convert 2 (base 14) to base 7.
2
Convert 3 (base 7) to base 6.
3
Convert 1 (base 12) to base 8.
1
542 (base 6) to base 11
178
Convert -310 (base 9) to base 11.
-20a
-3 (base 13) to base 7
-3
Convert 1030 (base 7) to base 9.
444
2 (base 8) to base 16
2
What is -69 (base 16) in base 14?
-77
-3 (base 12) to base 9
-3
What is 5 (base 11) in base 8?
5
What is 7 (base 16) in base 5?
12
79 (base 14) to base 13
83
-100 (base 2) to base 8
-4
What is -72 (base 13) in base 4?
-1131
-4 (base 8) to base 15
-4
What is b (base 12) in base 10?
11
-2 (base 5) to base 15
-2
What is 1 (base 3) in base 12?
1
8 (base 9) to base 3
22
What is -23b (base 12) in base 16?
-14f
Convert -1 (base 5) to base 3.
-1
Convert 15 (base 10) to base 13.
12
22 (base 8) to base 9
20
Convert -8 (base 11) to base 8.
-10
Convert 51 (base 12) to base 15.
41
What is 101221 (base 3) in base 5?
2140
-6 (base 9) to base 14
-6
Convert 1 (base 3) to base 6.
1
-113 (base 7) to base 2
-111011
Convert -91 (base 14) to base 8.
-177
Convert 89 (base 12) to base 16.
69
-b6 (base 12) to base 6
-350
What is -81 (base 